he prime factors of 603.
3, 67
List the prime factors of 79660.
2, 5, 7, 569
What are the prime factors of 769?
769
What are the prime factors of 9701?
89, 109
What are the prime factors of 3009?
3, 17, 59
List the prime factors of 9126.
2, 3, 13
What are the prime factors of 46459?
7, 6637
List the prime factors of 100763.
13, 23, 337
What are the prime factors of 2004?
2, 3, 167
What are the prime factors of 13593?
3, 23, 197
What are the prime factors of 95800?
2, 5, 479
List the prime factors of 6141.
3, 23, 89
List the prime factors of 2733.
3, 911
List the prime factors of 30912.
2, 3, 7, 23
What are the prime factors of 111589?
151, 739
List the prime factors of 656.
2, 41
What are the prime factors of 76?
2, 19
What are the prime factors of 54890?
2, 5, 11, 499
What are the prime factors of 11790?
2, 3, 5, 131
What are the prime factors of 649?
11, 59
What are the prime factors of 360?
2, 3, 5
List the prime factors of 520.
2, 5, 13
What are the prime factors of 7664?
2, 479
List the prime factors of 20166.
2, 3, 3361
What are the prime factors of 693?
3, 7, 11
List the prime factors of 1088.
2, 17
List the prime factors of 6118.
2, 7, 19, 23
List the prime factors of 38030.
2, 5, 3803
List the prime factors of 1106.
2, 7, 79
What are the prime factors of 1035?
3, 5, 23
List the prime factors of 105.
3, 5, 7
List the prime factors of 24552.
2, 3, 11, 31
What are the prime factors of 133084?
2, 7, 97
List the prime factors of 10594.
2, 5297
List the prime factors of 2991.
3, 997
What are the prime factors of 2947?
7, 421
What are the prime factors of 3372?
2, 3, 281
What are the prime factors of 1574?
2, 787
What are the prime factors of 14958?
2, 3, 277
List the prime factors of 13729.
13729
What are the prime factors of 32496?
2, 3, 677
List the prime factors of 10629.
3, 1181
What are the prime factors of 120670?
2, 5, 11, 1097
What are the prime factors of 2858?
2, 1429
What are the prime factors of 464?
2, 29
What are the prime factors of 940?
2, 5, 47
List the prime factors of 479.
479
What are the prime factors of 24822?
2, 3, 7, 197
What are the prime factors of 148775?
5, 11, 541
List the prime factors of 6372.
2, 3, 59
List the prime factors of 921.
3, 307
List the prime factors of 96017.
96017
List the prime factors of 9979.
17, 587
What are the prime factors of 313?
313
List the prime factors of 4585.
5, 7, 131
List the prime factors of 1608.
2, 3, 67
List the prime factors of 6477.
3, 17, 127
List the prime factors of 68100.
2, 3, 5, 227
List the prime factors of 2192.
2, 137
List the prime factors of 121.
11
What are the prime factors of 3861?
3, 11, 13
List the prime factors of 49918.
2, 11, 2269
What are the prime factors of 3019?
3019
List the prime factors of 138299.
7, 23, 859
What are the prime factors of 105?
3, 5, 7
What are the prime factors of 5778?
2, 3, 107
What are the prime factors of 21207?
3, 7069
List the prime factors of 67783.
67783
List the prime factors of 1803.
3, 601
What are the prime factors of 17491?
17491
What are the prime factors of 958?
2, 479
List the prime factors of 1260.
2, 3, 5, 7
List the prime factors of 30949.
30949
What are the prime factors of 10129?
7, 1447
What are the prime factors of 12156?
2, 3, 1013
List the prime factors of 14419.
14419
What are the prime factors of 31701?
3, 10567
List the prime factors of 25615.
5, 47, 109
List the prime factors of 746.
2, 373
What are the prime factors of 5755?
5, 1151
List the prime factors of 10856.
2, 23, 59
What are the prime factors of 1975?
5, 79
List the prime factors of 4472.
2, 13, 43
List the prime factors of 711.
3, 79
What are the prime factors of 10129?
7, 1447
List the prime factors of 47.
47
List the prime factors of 860.
2, 5, 43
What are the prime factors of 29124?
2, 3, 809
What are the prime factors of 41830?
2, 5, 47, 89
What are the prime factors of 1253?
7, 179
What are the prime factors of 12860?
2, 5, 643
List the prime factors of 63868.
2, 7, 2281
What are the prime factors of 282?
2, 3, 47
What are the prime factors of 4934?
2, 2467
List the prime factors of 1052.
2, 263
What are the prime factors of 4544?
2, 71
List the prime factors of 4864.
2, 19
What are the prime factors of 4772?
2, 1193
What are the prime factors of 11120?
2, 5, 139
List the prime factors of 7163.
13, 19, 29
What are the prime factors of 3214?
2, 1607
What are the prime factors of 16830?
2, 3, 5, 11, 17
List the prime factors of 29109.
3, 31, 313
List the prime factors of 168936.
2, 3, 7039
What are the prime factors of 2342?
2, 1171
List the prime factors of 810.
2, 3, 5
List the prime factors of 12954.
2, 3, 17, 127
What are the prime factors of 1890?
2, 3, 5, 7
What are the prime factors of 616?
2, 7, 11
What are the prime factors of 326?
2, 163
What are the prime factors of 4842?
2, 3, 269
List the prime factors of 10859.
10859
What are the prime factors of 22209?
3, 11, 673
What are the prime factors of 99489?
3, 13, 2551
List the prime factors of 5425.
5, 7, 31
What are the prime factors of 910?
2, 5, 7, 13
List the prime factors of 42767.
42767
List the prime factors of 78303.
3, 43, 607
List the prime factors of 937.
937
List the prime factors of 7597.
71, 107
List the prime factors of 7571.
67, 113
What are the prime factors of 3128?
2, 17, 23
List the prime factors of 1314.
2, 3, 73
What are the prime factors of 109549?
11, 23, 433
What are the prime factors of 1762?
2, 881
What are the prime factors of 2240?
2, 5, 7
What are the prime factors of 21855?
3, 5, 31, 47
List the prime factors of 12176.
2, 761
List the prime factors of 104187.
3, 34729
What are the prime factors of 12370?
2, 5, 1237
What are the prime factors of 2130?
2, 3, 5, 71
What are the prime factors of 517?
11, 47
List the prime factors of 60092.
2, 83, 181
What are the prime factors of 122557?
122557
List the prime factors of 32037.
3, 59, 181
What are the prime factors of 13?
13
What are the prime factors of 13771?
47, 293
List the prime factors of 60837.
3, 7, 2897
List the prime factors of 7745.
5, 1549
List the prime factors of 22576.
2, 17, 83
List the prime factors of 94968.
2, 3, 1319
What are the prime factors of 695?
5, 139
What are the prime factors of 994?
2, 7, 71
What are the prime factors of 108878?
2, 7, 11, 101
What are the prime factors of 5254?
2, 37, 71
What are the prime factors of 12017?
61, 197
What are the prime factors of 8358?
2, 3, 7, 199
What are the prime factors of 20017?
37, 541
What are the prime factors of 42438?
2, 3, 11, 643
What are the prime factors of 6040?
2, 5, 151
What are the prime factors of 6413?
11, 53
List the prime factors of 720.
2, 3, 5
What are the prime factors of 13622?
2, 7, 139
List the prime factors of 39266.
2, 29, 677
What are the prime factors of 46109?
7, 941
What are the prime factors of 31321?
31321
List the prime factors of 5502.
2, 3, 7, 131
What are the prime factors of 6912?
2, 3
List the prime factors of 5502.
2, 3, 7, 131
What are the prime factors of 7896?
2, 3, 7, 47
What are the prime factors of 11671?
11, 1061
List the prime factors of 842.
2, 421
What are the prime factors of 2714?
2, 23, 59
What are the prime factors of 43499?
43499
What are the prime factors of 2324?
2, 7, 83
List the prime factors of 302.
2, 151
List the prime factors of 32.
2
What are the prime factors of 4742?
2, 2371
What are the prime factors of 861?
3, 7, 41
What are the prime factors of 45196?
2, 11299
List the prime factors of 44367.
3, 23, 643
What are the prime factors of 2146?
2, 29, 37
List the prime factors of 43921.
167, 263
List the prime factors of 13271.
23, 577
What are the prime factors of 16614?
2, 3, 13, 71
What are the prime factors of 18844?
2, 7, 673
What are the prime factors of 1627?
1627
What are the prime factors of 710?
2, 5, 71
List the prime factors of 1396.
2, 349
What are the prime factors of 11157?
3, 3719
List the prime factors of 1494.
2, 3, 83
List the prime factors of 633.
3, 211
List the prime factors of 24130.
2, 5, 19, 127
What are the prime factors of 35440?
2, 5, 443
List the prime factors of 177302.
2, 88651
List the prime factors of 962.
2, 13, 37
List the prime factors of 28107.
3, 347
List the prime factors of 763.
7, 109
What are the prime factors of 15526?
2, 7, 1109
List